157
In base 2, what is 1 - 10111000100100111110?
-10111000100100111101
In base 11, what is -5448a6 - 2?
-5448a8
In base 12, what is 8 + -41a092?
-41a086
In base 3, what is 10 + -10112221212?
-10112221202
In base 8, what is -53 - 2162?
-2235
In base 6, what is -2 - 24251?
-24253
In base 7, what is 3540 + 243?
4113
In base 11, what is 16 - -3343?
3359
In base 13, what is 7 - 61351?
-61347
In base 4, what is -121 + 10212?
10031
In base 14, what is 5 + 1bb81?
1bb86
In base 3, what is -20120 + 1120002?
1022112
In base 4, what is 1 - 232000?
-231333
In base 3, what is 110020 + -1201?
101112
In base 11, what is 2 - 389775?
-389773
In base 3, what is -12111 - 1200?
-21011
In base 11, what is -2a5 + 43?
-262
In base 2, what is 11 - 1100000011111101010?
-1100000011111100111
In base 3, what is -2120120 + 122?
-2112221
In base 11, what is -4 + 69253?
6924a
In base 15, what is -697c - -3?
-6979
In base 16, what is -2898e + 4?
-2898a
In base 15, what is -73e + 27?
-717
In base 8, what is -221 - 53?
-274
In base 13, what is -6 + -4547b?
-45484
In base 6, what is -1 + 33254?
33253
In base 13, what is 728b + -130?
715b
In base 14, what is -a + 1d?
13
In base 12, what is -3aa - 154?
-542
In base 8, what is -12 + -353101?
-353113
In base 11, what is -839041 - 5?
-839046
In base 12, what is 3 - 8730?
-8729
In base 12, what is -452403 + 0?
-452403
In base 4, what is -1 - -20131231?
20131230
In base 10, what is -2 - 11693?
-11695
In base 11, what is -108 - 453?
-560
In base 12, what is 45905 - -55?
4595a
In base 16, what is 0 + -40fd?
-40fd
In base 10, what is -70198 + 2?
-70196
In base 10, what is -633 - 177?
-810
In base 13, what is 0 + -697ba?
-697ba
In base 6, what is 21 - -4355154?
4355215
In base 7, what is -355114 - -5?
-355106
In base 2, what is 110000 - 100111101111?
-100110111111
In base 11, what is -78 + -1897?
-1964
In base 12, what is 39 + 489?
506
In base 14, what is -2ca53 - -4?
-2ca4d
In base 15, what is 2 + -1c23?
-1c21
In base 6, what is 30 - -233223?
233253
In base 3, what is -2212121202 - 100?
-2212122002
In base 15, what is 15b - -967?
ac3
In base 2, what is 11010011100010100 - 100?
11010011100010000
In base 15, what is 2d13 + 4?
2d17
In base 2, what is 1101111 - -1000000?
10101111
In base 13, what is -673b - -4?
-6737
In base 3, what is -11021 - -10110121?
10022100
In base 10, what is 12 + 19325?
19337
In base 3, what is -1210000 + 22?
-1202201
In base 13, what is b27 + -c5?
a32
In base 2, what is 11101 + 1000111111101?
1001000011010
In base 16, what is 4118 - -68?
4180
In base 5, what is 1314 + 243?
2112
In base 7, what is 3104200 + 12?
3104212
In base 9, what is -1 + -8403?
-8404
In base 7, what is -1423 + -5502?
-10225
In base 14, what is 4 + 7905?
7909
In base 8, what is 10 + -205154?
-205144
In base 6, what is 0 + 45024?
45024
In base 2, what is 1101010010 + 1000?
1101011010
In base 6, what is 2 - -5544122?
5544124
In base 9, what is -7471 + -68?
-7550
In base 2, what is 101 + -100101011110110?
-100101011110001
In base 6, what is 1342 + -241?
1101
In base 12, what is -26a3 - 10?
-26b3
In base 15, what is 8721 + -4?
871c
In base 6, what is 4 + 410154?
410202
In base 15, what is -b - -26ea?
26de
In base 12, what is -9 - -213b7?
213aa
In base 15, what is cd - -13d?
21b
In base 13, what is 14 - -12335?
12349
In base 12, what is -25032 - 4?
-25036
In base 3, what is 2220220201 - -111?
2220221012
In base 15, what is 194b - 36?
1915
In base 2, what is 11111 + -1001000111?
-1000101000
In base 10, what is -399925 - 3?
-399928
In base 16, what is -15 - 2fe?
-313
In base 5, what is 130 + -24011?
-23331
In base 2, what is -101 - -111000010010100?
111000010001111
In base 6, what is 1201 + -330?
431
In base 2, what is 1000101 + 101010110110?
101011111011
In base 2, what is 101 + 10011010110111?
10011010111100
In base 5, what is -1344 - 434024?
-440423
In base 10, what is 1392 - 3?
1389
In base 12, what is -a + 27b9?
27ab
In base 11, what is -8a2 + 7?
-896
In base 2, what is 11000 + -100110111101000010?
-100110111100101010
In base 9, what is -16437 + 16?
-16421
In base 6, what is 44153 - 22?
44131
In base 2, what is 100001100 + 1001100110110?
1010001000010
In base 16, what is -13 - b747?
-b75a
In base 16, what is 80b - 7c3?
48
In base 5, what is 31432210 + -10?
31432200
In base 3, what is 10 + 1012012021012?
1012012021022
In base 13, what is -1 - 1c7c?
-1c80
In base 7, what is 530 + 16?
546
In base 10, what is -227900 + 5?
-227895
In base 3, what is -2202221021 - 10?
-2202221101
In base 9, what is -3 - 8507?
-8511
In base 3, what is 2011120102 + -11?
2011120021
In base 7, what is 2152 + 461?
2643
In base 3, what is 11221221020 + 1?
11221221021
In base 6, what is 1 - -1243412?
1243413
In base 5, what is -1200 - -2212?
1012
In base 12, what is 22117 - -2?
22119
In base 15, what is -7278 - 5?
-727d
In base 2, what is -100011111001001 - 1?
-100011111001010
In base 8, what is -1 + 5227765?
5227764
In base 4, what is 2111 + 3021?
11132
In base 3, what is 122101112222 + -10?
122101112212
In base 2, what is -101 - -10011100100110?
10011100100001
In base 11, what is -a694 + 2?
-a692
In base 16, what is 43077 - 11?
43066
In base 7, what is 5 - -62524?
62532
In base 10, what is 4 - -341584?
341588
In base 10, what is 10209 + 32?
10241
In base 2, what is -10101011011110 + -11?
-10101011100001
In base 9, what is 723362 - 8?
723353
In base 9, what is 20272 + -20?
20252
In base 9, what is 5714163 - -5?
5714168
In base 2, what is 100001100 + -101011001?
-1001101
In base 7, what is -24534 + 466?
-24035
In base 14, what is -5 - cc1d?
-cc24
In base 6, what is -213133241 + 2?
-213133235
In base 2, what is 1010101010011 - -1001110110?
1011111001001
In base 10, what is -3407916 - 1?
-3407917
In base 9, what is -4 + 2127?
2123
In base 12, what is -9b - -19?
-82
In base 4, what is 20 + -1200123?
-1200103
In base 4, what is 1111333023 - -2?
1111333031
In base 7, what is -453436 - -30?
-453406
In base 6, what is 2 - 40233?
-40231
In base 10, what is 868 + -2930?
-2062
In base 5, what is -3 - 10111?
-10114
In base 3, what is 2022012 + 2222?
2102011
In base 3, what is 1010 + -222122?
-221112
In base 6, what is -3 + 31455?
31452
In base 2, what is 100101 - 10111011000000011?
-10111010111011110
In base 12, what is 4b - 1170?
-1121
In base 8, what is 1 - -27000?
27001
In base 15, what is 134 - 33?
101
In base 4, what is 11233211 + -3?
11233202
In base 11, what is 1 - 6957?
-6956
In base 9, what is 782102 + -1?
782101
In base 4, what is 3 - -12211311?
12211320
In base 6, what is -100 - 101035?
-101135
In base 2, what is 110100010 - 101000101101?
-100010001011
In base 2, what is 1100101001 + 10000110010?
11101011011
In base 14, what is -3 - 4065c?
-40661
In base 6, what is 4341 + 3133?
11514
In base 8, what is 7 - -26352?
26361
In base 4, what is 0 + 312120221?
312120221
In base 2, what is 10000101001 - -111?
10000110000
In base 2, what is -10101011011011001 + 1100?
-10101011011001101
In base 11, what is 4 - 216a40?
-216a37
In base 13, what is 11 - -5209?
521a
In base 14, what is 15 - 35d26?
-35d11
In base 10, what is -639 + -6893?
-7532
In base 13, what is 239 - 1580?
-1344
In base 16, what is -86d4b + -4?
-86d4f
In base 14, what is 11 + -18cd?
-18bc
In base 6, what is -21 - 1250544?
-1251005
In base 4, what is 132030221 + 1?
132030222
In base 13, what is 29 - 214?
-1b8
In base 14, what is -2a2 + -2c?
-2d0
In base 11, what is 17a4 + 106?
18aa
In base 9, what is -3131 + 28?
-3102
In base 16, what is -460 - 1?
-461
In base 12, what is -7 + 22594?
22589
In base 3, what is -101001002201 - 0?
-101001002201
In base 4, what is 1320121 - -300?
1321021
In base 10, what is -1 - 150546?
-150547
In base 3, what is 102 - -10111202?
10112011
In base 11, what is 91 - 2804?
-2723
In base 11, what is 139a443 + 1?
139a444
In base 8, what is -213 + -14716?
-15131
In base 15, what is 91 - 177?
-d6
In base 7, what is -166 + 205550?
205351
In base 8, what is -32247 + -6?
-32255
In base 4, what is 132223 - 2?
132221
In base 7, what is 13 - 133600?
-133554
In base 7, what is -3035165 - 4?
-3035202
In base 10, what is -2493 + 15?
-2478
In base 8, what is 2210 + 157?
2367
In base 5, what is 431243 + -22?
431221
In base 6, what is 5 + 20252141?
20252150
In base 2, what is -11011001110011101 + -1?
-11011001